2?
14
Let u(o) = 46*o - 4950. Let r be u(108). Let q = -688 - -1030. Calculate the highest common factor of r and q.
18
Suppose 0 = -y - 4*y - 3*i + 45, 3*y - 4*i + 2 = 0. What is the highest common divisor of y and 10182?
6
Let o be (-29)/(26/(-42) - 78/(-273)). Suppose -c = -a - 2*a + o, -a + c = -27. Calculate the highest common factor of 40 and a.
10
Let k = -5398 - -5988. What is the greatest common factor of k and 413?
59
Suppose -10*s - 15 = -5*s, 2*y - 5*s = 57. Calculate the highest common factor of y and 357.
21
Let n be (320/(-24))/8 + ((-670)/(-3))/2. What is the highest common divisor of 2750 and n?
110
Let p = 80 + -58. Let f(n) = -p*n + 9*n + 38 + 14*n. Let x be f(-11). What is the greatest common factor of x and 3?
3
Let y(j) = -4*j + 125. Let q be y(29). Suppose 18 + 432 = q*p. Let z be (4/6)/(5/300). Calculate the highest common factor of z and p.
10
Let u = 130 + -104. Suppose 0 = u*y - 2*y - 3960. What is the greatest common divisor of y and 15?
15
Let r(h) = -2*h**3 + 14*h**2 - 16*h - 17. Let g be r(5). Calculate the greatest common divisor of 107 and g.
1
Let g(x) = -5*x**2 - 9*x - 4*x**3 + 13*x**2 - 10*x**2. Let v be g(-2). Let w = 57 - v. What is the greatest common divisor of 45 and w?
15
Suppose 896 - 3400 = 8*a. Let f = 339 + a. What is the greatest common divisor of 91 and f?
13
Let o = 4639 + -4558. Calculate the greatest common factor of o and 1053.
81
Let p(g) = -g**3 + 2*g**2 + 8*g + 3. Let s be p(-2). Let d = 3945 - 3717. What is the greatest common factor of s and d?
3
Let t be 72*(4 - (-100)/(-15) - -4). Suppose 993*x - t = 991*x. Calculate the highest common factor of x and 112.
16
Suppose -43 = -2*w + 5*u, -5*u = -4 - 1. Let i(d) = d**2 - 174*d + 5157. Let c be i(37). What is the greatest common divisor of c and w?
8
Let f = -26734 + 26950. What is the highest common factor of 1323 and f?
27
Let m(t) be the second derivative of -2*t**3/3 + 2*t**2 + 73*t. Let g be m(-3). Calculate the greatest common factor of 8 and g.
8
Suppose 59*j - 55*j = 760. Let z = j + -115. Let r be (4/(-2) - z/10)*-2. Calculate the greatest common divisor of 76 and r.
19
Suppose -18*p + 4 = -16*p. Suppose -p*w - 3*j - 2*j + 284 = 0, -2*j = 8. What is the highest common divisor of 16 and w?
8
Let f be 54/((-2)/3*-1). Suppose -i = -3*b - 338, 26*b - 5*i = 25*b - 136. Let r = 120 + b. What is the greatest common factor of f and r?
9
Suppose 5*z - 30 = -3*x + 2*z, -3*x = 5*z - 32. Suppose 5*s = -4 + 64. Suppose -3*d + s = -x. What is the highest common factor of d and 1?
1
Suppose 8*a = -2*a + 20. Suppose -f - 39 = -4*p, 5*f - 70 = -5*p + a*f. Calculate the highest common divisor of p and 110.
11
Let l = 1786 + -1604. What is the highest common factor of 286 and l?
26
Suppose -y = -2*g + 33, -8*y - 6 = -6*y. Let z be 4 - 644/(-8 + 4). Calculate the greatest common divisor of z and g.
15
Let h = -76 + 85. Suppose h*u - 1731 = 213. Calculate the greatest common factor of u and 24.
24
Let x be 15 + (-18)/2 + 47*2. Calculate the greatest common divisor of x and 325.
25
Suppose -4*q + 3044 = 5*w, 3*w = 3*q + 1964 - 143. Let v = 1931 - w. Calculate the highest common factor of 27 and v.
27
Suppose -5*c = 51*c - 13272. What is the highest common divisor of c and 316?
79
Let i = -3796 - -4186. Calculate the highest common divisor of i and 624.
78
Suppose -13*a + 47204 = 4*n - 10*a, 21*n = 3*a + 247746. Calculate the highest common factor of n and 136.
34
Suppose 384 + 12 = 9*b. Suppose -2*x = 3*x - g - b, -5*x = 3*g - 48. Calculate the greatest common divisor of 36 and x.
9
Suppose 5*u - 260 + 227 = -3*n, 5*n = 2*u + 24. Calculate the highest common factor of u and 8385.
3
Suppose 44 = 4*x - 2*s, 0 = 3*x - 6*s + 8*s - 33. Calculate the highest common factor of 8 and x.
1
Suppose 674*n - 5*i = 677*n - 82, -i - 70 = -3*n. What is the highest common factor of n and 8472?
24
Let d = 19 + 4. Let j be (2 + 0)/((-80)/(-2760)). Calculate the highest common divisor of d and j.
23
Let z = 11 - -65. Suppose -3*t - z = -82. Suppose 402 = 3*x - p + 4*p, -4*p = -t*x + 256. What is the greatest common divisor of 12 and x?
12
Let f = -1888 + 1900. Suppose r = -r. Suppose 2*l = -r*l + 8. What is the greatest common divisor of f and l?
4
Let g = -73 - -103. Let k(c) = -126*c - 8. Let m be k(3). Let t = m - -406. Calculate the highest common divisor of t and g.
10
Suppose 4*m + 1 = 5*m. Let b = 3 + m. Let q = -45309 - -45373. Calculate the highest common factor of b and q.
4
Let b(t) = -25*t + 2. Let x = 26 + -28. Let u be b(x). What is the highest common factor of 156 and u?
52
Suppose 2*x + 71 = 127. Suppose -x*q + 792 = -26*q. Let i be (-24)/(-1 - 1/(-3)). What is the highest common factor of q and i?
36
Let c be ((-17967)/(-106))/((-3)/(-2)). What is the highest common divisor of 2599 and c?
113
Let j = 44 - 41. Let u(n) = 3 - 36*n - 4*n**3 + 13*n**2 + 16*n + j*n**3. Let p be u(11). What is the greatest common divisor of p and 10?
5
Let m be 2/(-5) + (-228)/(-20). Let g be (2 - m)/((-2)/6). Suppose 0 = -1153*h + 3087 + 372. What is the greatest common divisor of h and g?
3
Suppose 66*o + 23541 = 125*o. What is the highest common divisor of 420 and o?
21
Suppose -k + 6*w + 137 = w, 4*k - 644 = -4*w. Let q = 192 - k. Calculate the greatest common factor of q and 5.
5
Suppose 2*b - 39 = -11. Let z(c) = 11*c + 29. Let u be z(-1). What is the highest common divisor of b and u?
2
Let f(s) = 22*s - 77. Let h be f(8). Let v = -250 + 295. What is the greatest common factor of h and v?
9
Suppose -13*b - 609 = -0*b - 1233. What is the greatest common factor of b and 114?
6
Let u(m) = -3*m - 30. Let o be u(-16). Let f(s) = 0 - 12 + s + 2*s. Let d be f(7). What is the highest common factor of o and d?
9
Suppose -6*w + 19 - 1 = 0. Suppose w*m - 63 + 36 = 0. Calculate the greatest common factor of m and 1.
1
Suppose 3*x - 3*y = 40 + 26, 2*y + 10 = 0. What is the greatest common factor of 1717 and x?
17
Let j(d) = -85*d + 4721. Let r be j(54). Calculate the highest common divisor of 4 and r.
1
Suppose 0 = -j - 3, -3*p - p + j = -11. Let a = -2289 - -2291. Calculate the highest common divisor of p and a.
2
Let d be (0 + (-6)/5)/(35/(-127050)). What is the greatest common factor of d and 8?
4
Let j(p) = 198*p - 46. Let o be j(-2). Let b = 489 + o. Calculate the highest common divisor of 329 and b.
47
Let f be 13/(130/20) + 0 + -76. Let g = f - -151. Calculate the greatest common factor of g and 7.
7
Suppose 4*s + 4*z = 2044, s - 122 - 377 = 3*z. Let d = s - 496. Calculate the greatest common divisor of d and 57.
3
Let q = -304 - -595. Suppose -d + q = -298. What is the greatest common divisor of 19 and d?
19
Let z(u) = -317*u + 5258. Let s be z(14). Calculate the highest common factor of s and 6068.
164
Suppose -2 = -2*l, -3*v - l + 102 = -4*l. Calculate the highest common divisor of v and 1855.
35
Let f(o) = -2*o**2 + 24*o + 964. Let b be f(-16). Calculate the greatest common factor of b and 108.
4
Suppose 3*f + 306 = -2*u, 2*f - f - 3*u = -102. Let v = -3 - f. What is the highest common divisor of 9 and v?
9
Let y(t) = t**3 - 3*t**2 + 4*t. Let w be y(2). Suppose -w*r + 9*r = 1280. What is the greatest common divisor of 32 and r?
32
Let s = 2380 + -1887. What is the greatest common factor of 170 and s?
17
Let b(h) = -5*h**3 + 4*h**2 + 61*h - 3. Let s be b(-6). Calculate the highest common factor of s and 360.
45
Suppose 190*j - 172*j = -900. Let c be ((-11)/5 - -1)*j/3. What is the highest common divisor of 15 and c?
5
Let s = 25353 - 14761. Suppose 36*w - 14680 = s. Calculate the greatest common divisor of 54 and w.
54
Let t = -24 - -44. Suppose -9*n + t = n. Suppose n*z = 16 + 74. What is the highest common divisor of z and 15?
15
Suppose 7384 = 58*p + 13*p. Calculate the highest common factor of p and 72.
8
Let o be -432*(-11 - (-105)/10). What is the greatest common divisor of o and 30?
6
Let m be 9/108*-4 - 121/(-3). Let s = 28 - -126. Suppose -6*b + 2*b = 5*k - s, 2*k + 5*b - 65 = 0. What is the highest common divisor of m and k?
10
Let m(u) = u**2 - 21*u + 110. Let z be m(6). Let s be ((-24)/z)/(12/(-210)). What is the greatest common divisor of s and 987?
21
Let p = 2388 - 2154. What is the highest common factor of p and 2457?
117
Suppose 0 = 9*v - 14*v. Suppose 